8 + 6 - 11) - (-1 - -5)
-3
What is the value of -8 + -3 + (-1 - -1) + -51 + 51?
-11
What is the value of (43 - 1) + -23 + -26?
-7
What is 13 + -42 + (6 - -3) + 13?
-7
Evaluate (18 - 2) + -11 + -7 + (-2 - -14).
10
What is 5 - (4 + (12 - 7) - 3) - -5?
4
What is the value of (5 + 7 - 17) + 8?
3
What is the value of (8 - -11) + -21 - -6?
4
What is the value of (10 - (14 - 6)) + 6 + -15?
-7
Evaluate 15 + -3 + -4 - (-9 + 9).
8
What is the value of -15 + -27 + (58 - 18)?
-2
Evaluate (-8 - -16) + (0 - (4 + -1)) - 13.
-8
0 + (-9 - (9 + 1 + 3 - 3))
-19
What is the value of 274 - 302 - (-10 + 1)?
-19
What is the value of 26 + -47 + (5 - (16 + -7))?
-25
Calculate -14 + -20 - (-9 - 2) - -12.
-11
Calculate -2 - 6 - (-17 + (1 - -16)).
-8
Calculate (11 - 13) + 13 + 1.
12
(-16 - (16 - (25 - -10))) + (1 - -9)
13
What is (-212 - -209) + (2 - (3 + 0) - -25)?
21
What is the value of 1 + 1 - (-15 + 18) - (16 + -2)?
-15
What is 7 + 4 - (-8 + 4 - -7)?
8
Calculate 20 - (8 + -25 + 33 + 18).
-14
Calculate 14 - 16 - (0 - 11).
9
What is 38 + 2 + -22 + (25 - 2) + -13?
28
Evaluate -10 - (-46 + 1 + 15 + -2).
22
What is (-2 - (-5 - (9 - 15))) + 13?
10
What is -1 + -18 - (21 + -4 - 25)?
-11
Calculate -86 - -80 - (1 - (0 + 1) - -1).
-7
What is 22 - (-8 + 13) - (0 - 2 - -10)?
9
Calculate -2 + (1 + 3 - -2) + -3.
1
What is 5 - (49 - (0 - -8)) - -3?
-33
-6 - ((-16 - 9) + 9)
10
What is the value of (-3 - -11) + (-9 + 15 - 6) + -26?
-18
Calculate (-1 - 1) + 23 + (-27 - 20 - -26).
0
What is the value of 15 + -1 - (-81 + 77)?
18
What is (-53 + 23 - 2) + 18?
-14
What is the value of 56 + -38 - (4 + (5 + -10 - -6))?
13
Evaluate 1 + -3 - 16 - (-4 + 5 + -1).
-18
Calculate 21 - (-24 + 47) - (2 + 5 + -2).
-7
Calculate -20 + -14 + (-9 - -43 - 4).
-4
Evaluate -23 - (-9 - (42 + -44 + (-4 - 2))).
-22
Calculate 0 - -8 - (14 - (-22 + 56)).
28
Evaluate 4 + (-20 - -27 - 8).
3
What is the value of 1 + (-11 - -15) - (9 + 0)?
-4
What is 193 - 203 - (-6 - 0)?
-4
14 - (-4 + -2 - -8 - -1)
11
Evaluate 1 + 13 - (50 - (87 - 79)).
-28
38 + (18 - (36 - -12))
8
Calculate -2 + (14 - 0) - (26 - 20).
6
-36 - (-99 + (42 - 11))
32
Calculate -5 + 6 - 5 - -1 - (10 - 19).
6
What is the value of -18 + 5 + 12 + 12?
11
What is (9 - (15 + (-7 - 5))) + -4?
2
Calculate 5 + (-1 - (-8 + 6 + 6)).
0
What is the value of (30 + -6 - 17) + 6?
13
Calculate 6 + (-1 - (-4 - (1 - -10))).
20
What is 4 - (17 + -10 + (0 - 3))?
0
Calculate -4 + (-40 - -30) + -6.
-20
Calculate (-121 - -121) + 4 + 2.
6
Evaluate -5 + -18 + 19 + 3.
-1
Calculate -1 + 9 + -1 + 3.
10
(-21 + 16 - (2 + -1)) + -2 + 5
-3
Calculate (-23 - 2) + 5 + -3 - -7.
-16
What is -13 + 1 + (-608 - -612)?
-8
Evaluate (-44 + 13 - -28) + (1 - (-14 + 1)).
11
Evaluate 21 - (50 - (34 - 22)).
-17
What is 42 + -36 - (-2 - (-2 + 2) - -11)?
-3
Calculate 19 - (-15 + 18 + 6).
10
What is (6 - (3 + -7 - 6)) + (-1 - -2)?
17
Evaluate (31 + 16 - 5) + (-9 - 1).
32
What is the value of 3 + (8 - 17 - -10)?
4
Evaluate 37 - (34 - (41 + -29)).
15
What is the value of -1 + 18 + -14 + -36?
-33
What is the value of -72 + 99 + -39 + -18?
-30
What is the value of -242 + 250 - (1 - -15)?
-8
Calculate 25 - (70 + -33 + 17).
-29
Evaluate -4 - (13 + -23 + 22).
-16
Evaluate 12 + (10 - (59 - 28)).
-9
Calculate (-902 - -907) + (-1 - (0 - -1)).
3
5 - -10 - (-254 + 291)
-22
Evaluate -18 + 3 - -8 - -12 - -1.
6
Evaluate (-4 - -14 - 5) + -4 + 5.
6
Evaluate -8 + 8 + -17 + 22.
5
What is 9 - 10 - -8 - (16 - -4)?
-13
Evaluate (1 - 20) + (239 - 213).
7
Evaluate 2 + 0 + 97 + -110.
-11
Evaluate (-4 - (-8 - -5)) + (-1 - -8) - 7.
-1
What is -11 + (-42 - (-33 + 4))?
-24
Calculate 31 + (-16 - -6) + (-5 - 0) + 4.
20
Evaluate -1 + (-20 - (-39 - -20)) + 2 + -2.
-2
What is 1 - -32 - (6 - -38 - 30)?
19
Calculate 1 - 1 - (-8 + 2 + 40 + -29).
-5
What is the value of -17 - (-29 + 8) - (4 - (4 - 13))?
-9
Evaluate (-1 + 3 - -3) + -21 + (51 - 36).
-1
What is the value of -36 - -7 - -34 - (-1 - 2)?
8
What is 12 + (-7 - -2) + 1 - 3?
5
What is (-14 - -11) + -10 + -7 + -9?
-29
Evaluate (11 - (16 + -3)) + 2.
0
Calculate -12 - (-6 + 1 - (3 + (-18 - -11))).
-11
-3 + 1 + (-10 - (1 + -5) - -9)
1
What is the value of (3 - (-2 + 23)) + (-40 - -25 - -9)?
-24
-11 + (1 + -14 - -10) + 46
32
-28 + (-1 - -1) + -5 + 15
-18
10 + -6 + -7 + 9 - 17
-11
What is -15 - (-14 - -6) - (2 + -15)?
6
What is the value of (-11 - 0) + (-347 - -341)?
-17
What is the value of 5 + (-3 - -7) + -1 - (-110 - -108)?
10
8 - 2 - -7 - (17 + 0)
-4
9 + (1 - 2) + -3 + -5
0
What is the value of 20 + (7 - 19) + -2 + -7 + 3?
2
Calculate -16 + (-5 - 0) + 12 + -6 + 4.
-11
What is the value of -3 - (-17 + 10) - -17?
21
Evaluate -33 - ((-24 - -22) + 6 + -7).
-30
Calculate -13 + (-2 + 0 + 1 - (77 - 84)).
-7
0 + (-3 - -4) - (-10 - (2 - 3))
10
What is the value of (1 + 8 - 12) + -2 + -10?
-15
What is (8 + 0 - 7) + -2 + -3?
-4
Calculate (-282 - -284) + (1 - (-2 - -12)) + 19.
12
6 - (-24 + 15 + 14 + (-2 - 0))
3
9 + -3 - -1 - (28 - (-38 + 83))
24
Calculate 18 + -65 + (2 + -1 - -11).
-35
6 + (-9 - 1) + 6 + 1 - 4
-1
What is -8 - (-4 + 4 + 2 + -1 + 8)?
-17
What is 70 + -69 - (7 + 3)?
-9
Evaluate 1 + -9 + 3 + -1 + (-758 - -754).
-10
Calculate -3 - (20 + -28 - (-1 + -4)).
0
What is (45 + -47 - 46) + 15?
-33
9 + (13 - 1 - 10 - -6)
17
(5 - (18 - 10 - -5)) + 12
4
What is the value of -27 + (22 - 4) + -9 + 7 - -4?
-7
Calculate 7 + (9 + 6 - 16).
6
-36 - (5 - 24) - 12 - 4
-33
Evaluate -7 - (-22 - (-13 - -11 - 7)).
6
Calculate (-5 - 1) + (5 - (6 + 2) - -11).
2
What is -4 + 2 - (-15 + (7 - -7)) - 8?
-9
Evaluate -1 - -2 - -1 - 1 - (-121 - -114).
8
Calculate -11 - -10 - 6 - -8.
1
Evaluate 9 - (-5 - 2 - -10).
6
What is ((10 - 8) + -7 - -2) + (-4 - -9)?
2
Evaluate 3 - (16 - 28 - -23).
-8
Calculate (-5 - (-4 - (6 + -25))) + 7.
-13
Calculate 1 - ((5 - 3) + -4 - -6) - 6.
-9
Evaluate -46 - (-32 + -13 - -4).
-5
Calculate (-68 - -37) + 28 + -1 + 12.
8
5 + 5 - ((17 - 2) + -8)
3
What is 7 - (10 + -1 + -6 - -7)?
-3
Evaluate -10 - (-49 + -17 + 26).
30
What is (53 - 2) + -45 + 14 + -3?
17
Calculate -6 + 3 - -6 - (1 - 24 - -13).
13
What is (-9 - (-9 + 12 + -5)) + 7 - 1?
-1
(-2 + 5 - 0 - -2) + -4
1
What is the value of 1 - 8 - (4 - 7) - (1 + 11)?
-16
What is 4 + -34 + 2 + 10?
-18
What is -21 + 2 + 1 + 33?
15
-10 - (-20 - -6 - -1) - -4
7
Calculate (0 - (7 - 10)) + 10 + -23.
-10
What is the value of 42 - (83 + -58) - (7 + (-1 - 0))?
11
What is 23 + (9 + -2 + -1 - (-23 + 34))?
18
What is the value of 19 + (28 - 36 - 17)?
-6
Evaluate -34 + 28 + -15 + -4.
-25
What is 5 + 1 + (-16 - -26) + -4 + -4?
8
Evaluate (0 - 14 - 3) + 0 + 1 + -1.
-17
-27 - ((20 - 53) + 30)
-24
What is (2 - -4) + -13 + -1 + (-5 - -1)?
-12
Calculate -2 + -7 + -18 + (17 - 9).
-19
Calculate -48 + 40 + (-1 - (-10 + 5)).
-4
What is the value of 1 - 3 - (20 - -18 - 62)?
22
-4 + -1 + (-16 - -2 - (162 + -176))
-5
(-8 - -4) + -36 + (25 - 8)
-23
Calculate -44 + 25 - (-4 - 12).
-3
What is the value of 16 + -13 - 21 - 7?
-25
Evaluate (-31 - -48 - 5) + -41.
-29
(-28 - -1 - -5) + (-2 + 13 - 2)
-13
-1 + 25 - (214 - 205)
15
What is the value of -5 - ((4 + 0 - -5) + -1 - 11)?
-2
What is the value of 12 - (-1 + -1 + 4) - (-9 + 5)?
14
What is the value of (-1 - 4) + 3 + 2?
0
Calculate (1 + -6 - (-3 + -1 + 0)) + -11.
-12
What is (5 - 2) + 2 - (7 + -4 + -11)?
13
Evaluate 7 - (-6 + (-6 - -12)).
7
What is the value of (19 - 3) + (-14 - 20)?
-18
What is (4 - 21) + (-16 - -4 - -1) + 15?
-13
Calculate (7 - 14) + 4 + 20 + -14.
3
What is the value of -1 + (-5 - (-10 + 12)) + (1 - -7)?
0
What is the value of (3 - 1) + -19 + 31 + -8?
6
Calculate 12 - 14 - (-5 - -3 - 1).
1
Evaluate -2 + 13 + 5 + -4 + -4.
8
What is the value of -44 - (-27 - 5) - (3 + 0 + 6)?
-21
Calculate (4 - 0 - -1) + (843 - 833).
15
Evaluate -34 + -1 + -265 + 326.
26
What is 0 + 5 + 7 - 20 - 2?
-10
Evaluate -13 + 30 + -10 + (-12 - -12).
7
Evaluate 3 - (17 - (0 + 20)).
6
What is the value of -6 - (25 + -36 + 3)?
2
12 + 2 - (0 - -2) - (-304 + 306)
10
(2 - -2) + (-31 - -8 - -15)
-4
Calculate -14 + (8 - (8 - 15 - -9)).
-8
Calculate 1 - (-1 + (-9 + -1 - (10 - 12))).
10
What is -36 + (17 - (-47 - -37))?
-9
Calculate -28 + (36 - 1) - (-5 - -1).
11
What is (-37 - -31) + 12 + -1?
5
(15 - -1) + 204 + -201
19
Calculate -3 + -8 + 4 - -15 - (-38 - -33).
13
What is the value of -39 + 28 + -22 + 21?
-12
What is (2 - (9 - (-11 - -11)))